{"id":16625,"date":"2017-03-08T08:40:08","date_gmt":"2017-03-08T08:40:08","guid":{"rendered":"http:\/\/www.puertasalvarez.com\/website\/?page_id=16625"},"modified":"2022-11-17T11:56:25","modified_gmt":"2022-11-17T11:56:25","slug":"puertas-ensambladas-de-doble-chapa-1-hoja","status":"publish","type":"page","link":"https:\/\/www.puertasalvarez.com\/website\/puertas-ensambladas-de-doble-chapa-1-hoja\/","title":{"rendered":"PUERTAS ENSAMBLADAS DE DOBLE CHAPA &#8211; 1 HOJA"},"content":{"rendered":"<p>[vc_row css_animation=\u00bb\u00bb row_type=\u00bbrow\u00bb use_row_as_full_screen_section=\u00bbno\u00bb type=\u00bbfull_width\u00bb angled_section=\u00bbno\u00bb text_align=\u00bbleft\u00bb background_image_as_pattern=\u00bbwithout_pattern\u00bb css=\u00bb.vc_custom_1488988247065{padding-top: 50px !important;background-color: #f2f2f2 !important;}\u00bb][vc_column width=\u00bb1\/4&#8243;][\/vc_column][vc_column width=\u00bb1\/2&#8243;][vc_row_inner row_type=\u00bbrow\u00bb type=\u00bbfull_width\u00bb text_align=\u00bbleft\u00bb css_animation=\u00bb\u00bb][vc_column_inner width=\u00bb1\/4&#8243;][vc_single_image image=\u00bb17064&#8243; img_size=\u00bb136&#215;136&#8243; alignment=\u00bbcenter\u00bb style=\u00bbvc_box_border_circle_2&#8243; border_color=\u00bbwhite\u00bb qode_css_animation=\u00bb\u00bb][\/vc_column_inner][vc_column_inner width=\u00bb1\/4&#8243;][vc_single_image image=\u00bb17075&#8243; img_size=\u00bb136&#215;136&#8243; alignment=\u00bbcenter\u00bb style=\u00bbvc_box_border_circle_2&#8243; border_color=\u00bbwhite\u00bb qode_css_animation=\u00bb\u00bb][\/vc_column_inner][vc_column_inner width=\u00bb1\/4&#8243;][vc_single_image image=\u00bb17070&#8243; img_size=\u00bb136&#215;136&#8243; alignment=\u00bbcenter\u00bb style=\u00bbvc_box_border_circle_2&#8243; border_color=\u00bbwhite\u00bb qode_css_animation=\u00bb\u00bb][\/vc_column_inner][vc_column_inner width=\u00bb1\/4&#8243;][vc_single_image image=\u00bb17229&#8243; img_size=\u00bb136&#215;136&#8243; alignment=\u00bbcenter\u00bb style=\u00bbvc_box_border_circle_2&#8243; border_color=\u00bbwhite\u00bb qode_css_animation=\u00bb\u00bb][\/vc_column_inner][\/vc_row_inner][\/vc_column][vc_column width=\u00bb1\/4&#8243;][\/vc_column][\/vc_row][vc_row css_animation=\u00bb\u00bb row_type=\u00bbrow\u00bb use_row_as_full_screen_section=\u00bbno\u00bb type=\u00bbfull_width\u00bb angled_section=\u00bbno\u00bb text_align=\u00bbleft\u00bb background_image_as_pattern=\u00bbwithout_pattern\u00bb css=\u00bb.vc_custom_1488985889489{background-color: #f2f2f2 !important;}\u00bb][vc_column]<div class=\"custom_font_holder\" style=\"font-family: Montserrat; font-size: 42px; line-height: 26px; font-style: normal; font-weight: 300; color: #84aa35; text-decoration: none; margin: 30px 50px 30px 50px; text-align: center;\">Galvanizadas, Lacadas o en Color Madera<\/div>[vc_separator type=\u00bbsmall\u00bb position=\u00bbcenter\u00bb thickness=\u00bb1&#8243; width=\u00bb400&#8243;][vc_column_text css=\u00bb.vc_custom_1493978299580{margin-right: 200px !important;margin-bottom: 50px !important;margin-left: 200px !important;}\u00bb]<\/p>\n<p style=\"text-align: center;\">Puerta multiusos fabricada con dos chapas de acero. ensamblada con plegados patentados de dise\u00f1o exclusivo. El material empleado en la hoja y el marco cumplen la norma UNE-EN 10204. El interior va relleno de un material ecol\u00f3gico que le da una total rigidez, debido a la alta adherencia en sus paredes, evitando la deformaci\u00f3n y alabeo.<\/p>\n<p>[\/vc_column_text][\/vc_column][\/vc_row][vc_row css_animation=\u00bb\u00bb row_type=\u00bbrow\u00bb use_row_as_full_screen_section=\u00bbno\u00bb type=\u00bbfull_width\u00bb angled_section=\u00bbno\u00bb text_align=\u00bbleft\u00bb background_image_as_pattern=\u00bbwithout_pattern\u00bb css=\u00bb.vc_custom_1488954562070{background-color: #ffffff !important;}\u00bb][vc_column width=\u00bb1\/2&#8243; css=\u00bb.vc_custom_1488986729360{padding-top: 50px !important;padding-right: 50px !important;padding-bottom: 50px !important;padding-left: 80px !important;}\u00bb][vc_column_text]<\/p>\n<h1 style=\"text-align: right;\">PUERTAS GALVANIZADAS<\/h1>\n<p>[\/vc_column_text][vc_separator type=\u00bbsmall\u00bb position=\u00bbright\u00bb thickness=\u00bb1&#8243; width=\u00bb280&#8243;][vc_column_text]<\/p>\n<p style=\"text-align: right;\">Se suministran totalmente montadas sobre su marco, con cerradura embutida. Para recintos cerrados que precisen de circulaci\u00f3n de aire, es aconsejable la colocaci\u00f3n de puertas que lleven rejillas de ventilaci\u00f3n.<\/p>\n<p>[\/vc_column_text][vc_column_text css=\u00bb.vc_custom_1488965064332{margin-top: 20px !important;}\u00bb]<\/p>\n<p style=\"text-align: right;\">Nuestras puertas llevan cuatro ventanas con troneras de 200 x 200 mm. cada una, con el paso del aire totalmente libre en toda la superficie.<\/p>\n<p>[\/vc_column_text][\/vc_column][vc_column width=\u00bb1\/2&#8243; css=\u00bb.vc_custom_1488973520974{margin-left: 0px !important;padding-left: 0px !important;}\u00bb][vc_single_image image=\u00bb16743&#8243; img_size=\u00bbfull\u00bb alignment=\u00bbright\u00bb qode_css_animation=\u00bb\u00bb][\/vc_column][\/vc_row][vc_row css_animation=\u00bb\u00bb row_type=\u00bbrow\u00bb use_row_as_full_screen_section=\u00bbno\u00bb type=\u00bbfull_width\u00bb angled_section=\u00bbno\u00bb text_align=\u00bbleft\u00bb background_image_as_pattern=\u00bbwithout_pattern\u00bb css=\u00bb.vc_custom_1488954562070{background-color: #ffffff !important;}\u00bb][vc_column width=\u00bb1\/2&#8243;][vc_single_image image=\u00bb16745&#8243; img_size=\u00bbfull\u00bb qode_css_animation=\u00bb\u00bb css=\u00bb.vc_custom_1488992812596{margin-right: -15px !important;padding-right: -15px !important;}\u00bb][\/vc_column][vc_column width=\u00bb1\/2&#8243; css=\u00bb.vc_custom_1488986737854{padding-top: 50px !important;padding-right: 80px !important;padding-bottom: 50px !important;padding-left: 50px !important;}\u00bb][vc_column_text]<\/p>\n<h2>PUERTAS LACADAS<\/h2>\n<p>[\/vc_column_text][vc_separator type=\u00bbsmall\u00bb position=\u00bbleft\u00bb thickness=\u00bb1&#8243; width=\u00bb210&#8243;][vc_column_text]<\/p>\n<p style=\"text-align: left;\">La gran calidad de nuestros acabados met\u00e1licos hacen de esta puerta un elemento m\u00e1s de decoraci\u00f3n en su hogar y oficina. Fabricada con dos chapas bandacolor poli\u00e9ster exteriores 25 micras en blanco RAL\u00a09010\u00a0sobre base galvanizada Dx51 D-2100.<\/p>\n<p>[\/vc_column_text][vc_column_text css=\u00bb.vc_custom_1488965222403{margin-top: 20px !important;}\u00bb]<\/p>\n<p style=\"text-align: left;\">La hoja va protegida con un FILM PELABLE PERFORADO de 35 micras para quitar una vez finalizada su colocaci\u00f3n en obra.<\/p>\n<p>[\/vc_column_text][\/vc_column][\/vc_row][vc_row css_animation=\u00bb\u00bb row_type=\u00bbrow\u00bb use_row_as_full_screen_section=\u00bbno\u00bb type=\u00bbfull_width\u00bb angled_section=\u00bbno\u00bb text_align=\u00bbleft\u00bb background_image_as_pattern=\u00bbwithout_pattern\u00bb css=\u00bb.vc_custom_1488954562070{background-color: #ffffff !important;}\u00bb][vc_column width=\u00bb1\/2&#8243; css=\u00bb.vc_custom_1488986753756{padding-top: 50px !important;padding-right: 50px !important;padding-bottom: 50px !important;padding-left: 80px !important;}\u00bb][vc_column_text]<\/p>\n<h2 style=\"text-align: right;\">PUERTAS COLOR MADERA<\/h2>\n<p>[\/vc_column_text][vc_separator type=\u00bbsmall\u00bb position=\u00bbright\u00bb thickness=\u00bb1&#8243; width=\u00bb290&#8243;][vc_column_text]<\/p>\n<p style=\"text-align: right;\">Nuestras puertas ensambladas se fabrican sin ning\u00fan tipo de soldadura, lo que nos permite un perfecto acabado en toda la gama de materiales, lacados o plastificados PVC.<\/p>\n<p>[\/vc_column_text][vc_column_text css=\u00bb.vc_custom_1493978416732{margin-top: 20px !important;}\u00bb]<\/p>\n<p style=\"text-align: right;\">Fabricadas con dos chapas con base galvanizada en caliente, seg\u00fan norma EN-10142, con un film de PVC de cloruro de polivinilo, libre de cadmio y folmaldehido.<\/p>\n<p>[\/vc_column_text][\/vc_column][vc_column width=\u00bb1\/2&#8243;][vc_single_image image=\u00bb16747&#8243; img_size=\u00bbfull\u00bb alignment=\u00bbright\u00bb qode_css_animation=\u00bb\u00bb css=\u00bb.vc_custom_1488992982434{margin-left: -15px !important;padding-left: -15px !important;}\u00bb][\/vc_column][\/vc_row][vc_row css_animation=\u00bb\u00bb row_type=\u00bbrow\u00bb use_row_as_full_screen_section=\u00bbno\u00bb type=\u00bbfull_width\u00bb angled_section=\u00bbno\u00bb text_align=\u00bbleft\u00bb background_image_as_pattern=\u00bbwithout_pattern\u00bb css=\u00bb.vc_custom_1488966105654{background-color: #84aa35 !important;}\u00bb][vc_column width=\u00bb1\/2&#8243;][vc_row_inner row_type=\u00bbrow\u00bb type=\u00bbfull_width\u00bb text_align=\u00bbleft\u00bb css_animation=\u00bb\u00bb css=\u00bb.vc_custom_1488975069060{margin-top: 60px !important;margin-bottom: 30px !important;}\u00bb][vc_column_inner width=\u00bb1\/6&#8243;]<span data-type=\"normal\"  class=\"qode_icon_shortcode  q_font_awsome_icon fa-2x pull-right \" style=\" \"><i class=\"qode_icon_font_awesome fa fa-file-text qode_icon_element\" style=\"color: #d4e5b1;\" ><\/i><\/span>[\/vc_column_inner][vc_column_inner width=\u00bb5\/6&#8243;]<div class=\"custom_font_holder\" style=\"font-family: Montserrat; font-size: 17px; line-height: 26px; font-style: normal; font-weight: 500; color: #ffffff; text-decoration: none; text-align: left;\">CARACTER\u00cdSTICAS T\u00c9CNICAS<\/div>[vc_separator type=\u00bbsmall\u00bb position=\u00bbleft\u00bb color=\u00bb#ffffff\u00bb thickness=\u00bb1&#8243; width=\u00bb250&#8243;][vc_column_text]<span style=\"color: #ffffff;\"><strong>\u2022<\/strong> Puerta preparada para su colocaci\u00f3n en obra.<\/span><br \/>\n<span style=\"color: #ffffff;\"><strong>\u2022<\/strong> Aislamiento t\u00e9rmico y ac\u00fastico.<\/span><br \/>\n<span style=\"color: #ffffff;\"><strong>\u2022<\/strong> Cierran herm\u00e9ticamente.<\/span><br \/>\n<span style=\"color: #ffffff;\"><strong>\u2022<\/strong> Cerradura embutida con bombillo met\u00e1lico europeo.<\/span><br \/>\n<span style=\"color: #ffffff;\"><strong>\u2022<\/strong> No precisan mantenimiento por su resistencia al envejecimiento.<\/span><br \/>\n<span style=\"color: #ffffff;\"><strong>\u2022<\/strong> Maneta y embellecedor de dise\u00f1o propio. Modelo NOE (tirador est\u00e1ndar).<\/span><br \/>\n<span style=\"color: #ffffff;\"><strong>\u2022<\/strong> No deben colocarse en lugares de gran humedad permanente.<\/span><br \/>\n<span style=\"color: #ffffff;\"><strong>\u2022<\/strong> Todas las puertas lacadas van embaladas con pl\u00e1stico retractilado.<\/span>[\/vc_column_text][\/vc_column_inner][\/vc_row_inner][vc_row_inner row_type=\u00bbrow\u00bb type=\u00bbfull_width\u00bb text_align=\u00bbleft\u00bb css_animation=\u00bb\u00bb css=\u00bb.vc_custom_1500568981319{margin-bottom: 40px !important;}\u00bb][vc_column_inner width=\u00bb1\/6&#8243;]<span data-type=\"normal\"  class=\"qode_icon_shortcode  q_font_awsome_icon fa-2x pull-right \" style=\" \"><i class=\"qode_icon_font_awesome fa fa-info qode_icon_element\" style=\"color: #d4e5b1;\" ><\/i><\/span>[\/vc_column_inner][vc_column_inner width=\u00bb5\/6&#8243;]<div class=\"custom_font_holder\" style=\"font-family: Montserrat; font-size: 17px; line-height: 26px; font-style: normal; font-weight: 500; color: #ffffff; text-decoration: none; text-align: left;\">INFORMACI\u00d3N\u00a0T\u00c9CNICA<\/div>[vc_separator type=\u00bbsmall\u00bb position=\u00bbleft\u00bb color=\u00bb#ffffff\u00bb thickness=\u00bb1&#8243; width=\u00bb250&#8243;][vc_column_text]<span style=\"color: #ffffff;\"><strong>\u2022<\/strong> Formatos estandar 1 hoja.<\/span><br \/>\n<span style=\"color: #ffffff;\"><strong>\u2022<\/strong> Formatos estandar 2 hojas.<\/span><br \/>\n<span style=\"color: #ffffff;\"><strong>\u2022<\/strong> Medidas puertas especiales.<\/span>[\/vc_column_text][\/vc_column_inner][\/vc_row_inner][vc_row_inner row_type=\u00bbrow\u00bb type=\u00bbfull_width\u00bb text_align=\u00bbleft\u00bb css_animation=\u00bb\u00bb css=\u00bb.vc_custom_1488975045139{margin-bottom: 80px !important;}\u00bb][vc_column_inner width=\u00bb1\/6&#8243;]<span data-type=\"normal\"  class=\"qode_icon_shortcode  q_font_awsome_icon fa-2x pull-right \" style=\" \"><i class=\"qode_icon_font_awesome fa fa-download qode_icon_element\" style=\"color: #d4e5b1;\" ><\/i><\/span>[\/vc_column_inner][vc_column_inner width=\u00bb5\/6&#8243;]<div class=\"custom_font_holder\" style=\"font-family: Montserrat; font-size: 17px; line-height: 26px; font-style: normal; font-weight: 500; color: #ffffff; text-decoration: none; text-align: left;\">SECCIONES DE MARCO<\/div>[vc_separator type=\u00bbsmall\u00bb position=\u00bbleft\u00bb color=\u00bb#ffffff\u00bb thickness=\u00bb1&#8243; width=\u00bb250&#8243;]<a  itemprop=\"url\" href=\"http:\/\/www.puertasalvarez.com\/website\/wp-content\/uploads\/2017\/07\/C40_C70.pdf\" target=\"_blank\" data-hover-background-color=#56841e data-hover-border-color=#56841e data-hover-color=#ffffff class=\"qbutton  default\" style=\"color: #84aa35; border-color: #ffffff; background-color: #ffffff;\">C40 + C70 (PDF)<i class=\"qode_icon_font_awesome fa fa-download qode_button_icon_element\" style=\"color: #84aa35;\" ><\/i><\/a>[\/vc_column_inner][\/vc_row_inner][\/vc_column][vc_column width=\u00bb1\/2&#8243;][vc_row_inner row_type=\u00bbrow\u00bb type=\u00bbfull_width\u00bb text_align=\u00bbleft\u00bb css_animation=\u00bb\u00bb css=\u00bb.vc_custom_1488975069060{margin-top: 60px !important;margin-bottom: 30px !important;}\u00bb][vc_column_inner width=\u00bb1\/6&#8243;]<span data-type=\"normal\"  class=\"qode_icon_shortcode  q_font_awsome_icon fa-2x pull-right \" style=\" \"><i class=\"qode_icon_font_awesome fa fa-cube qode_icon_element\" style=\"color: #d4e5b1;\" ><\/i><\/span>[\/vc_column_inner][vc_column_inner width=\u00bb5\/6&#8243;]<div class=\"custom_font_holder\" style=\"font-family: Montserrat; font-size: 17px; line-height: 26px; font-style: normal; font-weight: 500; color: #ffffff; text-decoration: none; text-align: left;\">PALETIZACI\u00d3N<\/div>[vc_separator type=\u00bbsmall\u00bb position=\u00bbleft\u00bb color=\u00bb#ffffff\u00bb thickness=\u00bb1&#8243; width=\u00bb250&#8243;][vc_column_text]<span style=\"color: #ffffff;\">MC40 &#8211; 19 uds. \/ Palet.<\/span><br \/>\n<span style=\"color: #ffffff;\">MC70 &#8211; 13 uds. \/ Palet.<\/span>[\/vc_column_text][vc_single_image image=\u00bb17288&#8243; img_size=\u00bbfull\u00bb qode_css_animation=\u00bb\u00bb css=\u00bb.vc_custom_1494845630437{margin-top: 20px !important;}\u00bb][\/vc_column_inner][\/vc_row_inner][vc_row_inner row_type=\u00bbrow\u00bb type=\u00bbfull_width\u00bb text_align=\u00bbleft\u00bb css_animation=\u00bb\u00bb css=\u00bb.vc_custom_1488975069060{margin-top: 60px !important;margin-bottom: 30px !important;}\u00bb][vc_column_inner width=\u00bb1\/6&#8243;]<span data-type=\"normal\"  class=\"qode_icon_shortcode  q_font_awsome_icon fa-2x pull-right \" style=\" \"><i class=\"qode_icon_font_awesome fa fa-hand-o-right qode_icon_element\" style=\"color: #d4e5b1;\" ><\/i><\/span>[\/vc_column_inner][vc_column_inner width=\u00bb5\/6&#8243;]<div class=\"custom_font_holder\" style=\"font-family: Montserrat; font-size: 30px; line-height: 32px; font-style: normal; font-weight: 300; color: #ffffff; text-decoration: none; margin: 0px 150px 50px 0px; text-align: left;\">FABRICAMOS BAJO PEDIDO PUERTAS EN MEDIDAS ESPECIALES HASTA UN M\u00c1XIMO DE LUZ DE OBRA<\/div>[\/vc_column_inner][\/vc_row_inner][\/vc_column][\/vc_row]<\/p>\n","protected":false},"excerpt":{"rendered":"<p>[vc_row css_animation=\u00bb\u00bb row_type=\u00bbrow\u00bb use_row_as_full_screen_section=\u00bbno\u00bb type=\u00bbfull_width\u00bb angled_section=\u00bbno\u00bb text_align=\u00bbleft\u00bb background_image_as_pattern=\u00bbwithout_pattern\u00bb css=\u00bb.vc_custom_1488988247065{padding-top: 50px !important;background-color: #f2f2f2 !important;}\u00bb][vc_column width=\u00bb1\/4&#8243;][\/vc_column][vc_column width=\u00bb1\/2&#8243;][vc_row_inner row_type=\u00bbrow\u00bb type=\u00bbfull_width\u00bb text_align=\u00bbleft\u00bb css_animation=\u00bb\u00bb][vc_column_inner width=\u00bb1\/4&#8243;][vc_single_image image=\u00bb17064&#8243; img_size=\u00bb136&#215;136&#8243; alignment=\u00bbcenter\u00bb style=\u00bbvc_box_border_circle_2&#8243; border_color=\u00bbwhite\u00bb qode_css_animation=\u00bb\u00bb][\/vc_column_inner][vc_column_inner width=\u00bb1\/4&#8243;][vc_single_image image=\u00bb17075&#8243; img_size=\u00bb136&#215;136&#8243; alignment=\u00bbcenter\u00bb style=\u00bbvc_box_border_circle_2&#8243; border_color=\u00bbwhite\u00bb qode_css_animation=\u00bb\u00bb][\/vc_column_inner][vc_column_inner width=\u00bb1\/4&#8243;][vc_single_image image=\u00bb17070&#8243; img_size=\u00bb136&#215;136&#8243; alignment=\u00bbcenter\u00bb style=\u00bbvc_box_border_circle_2&#8243; border_color=\u00bbwhite\u00bb qode_css_animation=\u00bb\u00bb][\/vc_column_inner][vc_column_inner width=\u00bb1\/4&#8243;][vc_single_image image=\u00bb17229&#8243; img_size=\u00bb136&#215;136&#8243; alignment=\u00bbcenter\u00bb style=\u00bbvc_box_border_circle_2&#8243;&#8230;<\/p>\n","protected":false},"author":1,"featured_media":0,"parent":0,"menu_order":0,"comment_status":"open","ping_status":"closed","template":"full_width.php","meta":{"footnotes":""},"_links":{"self":[{"href":"https:\/\/www.puertasalvarez.com\/website\/wp-json\/wp\/v2\/pages\/16625"}],"collection":[{"href":"https:\/\/www.puertasalvarez.com\/website\/wp-json\/wp\/v2\/pages"}],"about":[{"href":"https:\/\/www.puertasalvarez.com\/website\/wp-json\/wp\/v2\/types\/page"}],"author":[{"embeddable":true,"href":"https:\/\/www.puertasalvarez.com\/website\/wp-json\/wp\/v2\/users\/1"}],"replies":[{"embeddable":true,"href":"https:\/\/www.puertasalvarez.com\/website\/wp-json\/wp\/v2\/comments?post=16625"}],"version-history":[{"count":122,"href":"https:\/\/www.puertasalvarez.com\/website\/wp-json\/wp\/v2\/pages\/16625\/revisions"}],"predecessor-version":[{"id":17875,"href":"https:\/\/www.puertasalvarez.com\/website\/wp-json\/wp\/v2\/pages\/16625\/revisions\/17875"}],"wp:attachment":[{"href":"https:\/\/www.puertasalvarez.com\/website\/wp-json\/wp\/v2\/media?parent=16625"}],"curies":[{"name":"wp","href":"https:\/\/api.w.org\/{rel}","templated":true}]}}